?
37
What is -24 + (-14 - -7 - -8) - (8 - 14)?
-17
What is (-1 - 0) + (-15 - -19) + -9 + 14?
8
What is (-5 - ((3 - 14) + -1)) + 4 + -9?
2
Evaluate (-8 - 0 - 0 - -2) + 2 - -3.
-1
What is the value of -9 + -1 + 178 + -172 + -23 + 0?
-27
-4 - (-6 + 4) - (-8 - -4)
2
What is (12 - (-1 + 1)) + 10 + -15?
7
What is the value of -1 + 21 + (266 - 282)?
4
Calculate -5 - (-1 + 11 + -70 + 65).
-10
11 - (-10 + 12) - (-3 + (12 - 2))
2
What is 24 - (-11 + 34 + 7)?
-6
What is the value of 11 + (-13 - 10) - (-2 + 1)?
-11
Evaluate 0 + (-9 - (-24 + 10)).
5
What is -1 - ((-3 - -7) + -1 + 2) - -14?
8
Evaluate 66 + -70 - (-6 - (3 + (-1 - 5))).
-1
Calculate -21 + (29 - -11) - 9.
10
Evaluate -6 - 16 - (4 + -12 - (3 + -4)).
-15
What is the value of (7 + -1 - 4) + 2 + -2?
2
Evaluate -3 - -1 - ((-4 - -5) + 7).
-10
Calculate 2 - (-6 - (-1 + 5 + -13)).
-1
-6 + 4 - (6 - -2) - (-2 - -3)
-11
What is the value of -1 + -12 - (-6 + -17)?
10
What is the value of -11 + 1 - (-8 - -8 - -2 - 1)?
-11
What is -7 - ((-2 - -2) + -4 - (11 - 12))?
-4
What is the value of 8 - (151 - 159 - (-25 - -1 - 2))?
-10
Evaluate 11 - (-18 + (15 - 7) + -12 - -12).
21
23 + -29 - (-2 + (-1 - (-4 + 1)))
-6
8 + (-4 - (-9 - -11))
2
322 + -316 - (-3 + -4)
13
What is -8 - (5 + -1 - (3 + (14 - 19)))?
-14
Evaluate -12 - (1 - 22) - 18.
-9
What is 0 - 15 - (-7 - 5 - (45 - 65))?
-23
(2 + (-5 - 1) - -10 - 22) + 6
-10
What is the value of (7 - 2) + (0 - 0) + -19?
-14
Evaluate 15 + 1 - (-2 - (-9 + 3 + 3)).
15
Calculate (-7 - ((10 - 9) + -10)) + 4.
6
Evaluate -15 - (-96 + 85 + (-1 - -16)).
-19
Calculate -8 - (-4 + -5) - (-9 - -9).
1
Calculate -19 - ((9 - (5 + 6 - 5)) + -9).
-13
Evaluate (7 - -14) + -9 + (-5 - 0 - -6).
13
Calculate -1 + 21 + (-27 - -35).
28
-16 + -20 + 20 + -3
-19
(-2 - 0 - (3 - -2)) + 20
13
24 + (-50 - -19) - (3 - (-8 + -2))
-20
Evaluate -20 - (6 - 27) - -14.
15
Evaluate 8 + (-22 + 29 - 7 - (-15 - 1)).
24
Evaluate (6 + 24 - 11) + -14.
5
Calculate -2 + -2 + (-61 - -60) + 1 + -8.
-12
Calculate -15 - (0 + -6 + 10 + -2 + -2).
-15
What is (-59 - -45 - (-3 + -4)) + 42?
35
Calculate -1 + (-14 + 0 + 5 - (48 + -29)).
-29
What is 4 - 18 - (-5 + -1 + 7 + -7)?
-8
What is the value of 71 + -56 + (3 - 13)?
5
0 - -24 - ((13 - 29) + 31 + -16)
25
What is the value of 2 + (10 - (7 + -7)) + 2?
14
-15 + -16 + 43 - 7
5
Calculate -26 - (5 - (-8 - (1 + -8))).
-32
-2 - (-9 + -1 + (-73 - -80))
1
-12 - (-5 + -12 + -5 + 25)
-15
Calculate -1 - 2 - (-8 + 6) - (-20 + 18).
1
Evaluate (-9 - -2) + 9 + 9 + -2.
9
What is 4 + (-2 + -10 + 21 - 12)?
1
-3 - (-5 + 9 + -5) - (26 - 67)
39
Calculate -26 + -15 + 33 + 14 + -24 + 1.
-17
What is -29 - (-40 - -34 - (0 + 5))?
-18
What is -554 - -601 - (-1 - -79)?
-31
Evaluate -22 - (-18 + 10) - 1 - -19.
4
Evaluate 3 - 3 - (-2 + (-3 - (-3 - -7))).
9
-3 - (-1 + -2 - (-4 + 5 + 0))
1
What is (-2 - (-13 - -1) - -4) + (-1 - 5)?
8
Calculate 1 + -51 + 31 + 40.
21
Calculate 26 - (16 - ((-11 - -6) + 12)).
17
-13 + 3 + -1 + 10 + 0
-1
What is the value of -11 + (17 - 27 - -7)?
-14
What is the value of 1 + 0 + -4 + 17 + 4?
18
What is the value of -7 - (-10 + (22 - 13)) - (-6 - 26)?
26
Evaluate 33 - (-10 - (-14 + -17)).
12
Evaluate (6 - -1) + -14 - -1.
-6
Calculate 5 + -23 - (-31 - -18).
-5
Evaluate 7 + 1 + -1 - (105 + -98).
0
Calculate 37 - (71 - 8) - -7.
-19
-26 - (30 - 39 - 22)
5
What is the value of 7 - ((9 - (3 - 0)) + (0 - -1))?
0
9 + -8 + (-3 - -15) - 6
7
(0 - -10) + -20 + -1
-11
What is -34 - 34 - -100 - (-2 + (14 - 1))?
21
48 - ((-38 - -102) + -20)
4
Evaluate (8 - 18 - (-19 + 2)) + (4 - -1).
12
Calculate (-9 - 0 - (-13 - -26)) + 6.
-16
Evaluate 28 + (9 - (2 + 5 + 16 + -22)).
36
Calculate 4 + 0 + 2 + (2 - 12) + -5.
-9
What is 43 - 1 - (-32 + -9 - -57)?
26
Calculate (14 - -9) + -130 + 108.
1
What is 3 + 0 + -26 + 45 + 0 + -4?
18
Evaluate 20 - (13 - (6 + -2)).
11
What is -1 - (6 + 0) - (-9 - (11 - -12))?
25
What is the value of -4 + -8 + 8 - -2?
-2
What is (364 - 370) + (-4 - -1) + 1?
-8
What is (-10 - 40) + 17 - -15?
-18
Calculate (-7 - -13) + 2 - -7 - 5.
10
What is -2 + (14 - 19 - 7)?
-14
Evaluate -17 - (10 + (-17 - 1)).
-9
Evaluate 25 + (41 + -33 - 28).
5
Evaluate (-6 - -15) + -21 + 18.
6
Calculate (-67 - -72 - ((3 - 8) + 1)) + 7.
16
Evaluate 26 - (20 + (-2 - 9) + 1).
16
What is the value of -7 + (17 - -9) + 9 + (-4 - 0)?
24
Calculate -4 + 11 + -47 - (-23 + 9).
-26
What is the value of -5 + 30 - (-5 - (-1 - 0))?
29
What is 2 + -4 + -23 + 11 + 1 + 2?
-11
What is the value of (-5 - -3) + (-11 - (7 - 12)) - 21?
-29
What is (-2 - -5) + -1 - (57 - 30)?
-25
Evaluate -3 + 0 - (8 + 11 + 1 + -12).
-11
What is 2 + (-2 - (1 - -4)) + 10 - 14?
-9
Calculate 1 + -19 + (20 - 12) + 41.
31
What is the value of (7 - 2 - (283 - 266)) + (8 - -3)?
-1
Calculate -1 - -10 - 0 - (27 + -48 + 19).
11
What is the value of -203 + 207 + 7 + -1 + -2?
8
What is 2 - (-6 + 16 + -3) - (2 - 17)?
10
What is (-9 + 16 - -7) + -18?
-4
What is the value of (-26 - (4 - -3 - (-9 + 12))) + 4?
-26
Evaluate 85 + -81 + 1 + -2 - 5.
-2
What is 2 + 10 - (-8 + 6)?
14
Calculate -7 + (-4 - (0 + (6 - 0) + -19)).
2
(0 - 15) + 175 + -161
-1
What is 1 + 1 - (116 - 98) - -13?
-3
Evaluate -39 - (-8 + 3 + -12).
-22
Evaluate (-4 - (12 - 8)) + 5 + 2 + 3.
2
Evaluate -6 + 21 + (-62 - -21).
-26
-21 + 31 + -14 + -1
-5
What is the value of -5 + -2 + 8 + 5?
6
What is (47 - 23) + 0 - 15?
9
What is the value of -25 + -37 + 93 + 0 + -1?
30
Calculate -14 + 30 - 26 - 16.
-26
-8 + (-40 - -37) + 41
30
What is the value of 21 - (-27 + (-2 - -21))?
29
Evaluate 8 + (18 + 18 - 2) - 16.
26
1 + 3 - (-17 - (7 - (3 - -14)))
11
What is 7 + (11 - 0 - 28) + 2?
-8
-1 + 0 + (50 - 55)
-6
(95 - 96) + 3 + -1
1
-7 + 5 - 9 - (18 + -41)
12
Evaluate 2 + -4 - -15 - 8 - (4 - -13).
-12
What is 1 + (-12 - -3 - (1 + -19))?
10
Calculate -3 + (-14 + 32 - -12).
27
What is the value of -13 + (11 - 4) + (-23 - -28)?
-1
16 - (0 - -11 - (-5 + (27 - 0)))
27
Evaluate (-6 - 16) + -2 - -10.
-14
Evaluate -27 - (-8 + (-2 - -7)) - -8.
-16
Calculate (-1 - 5) + 3 + 17 + (-27 - -13).
0
Evaluate -39 + 26 + 22 + -12.
-3
Calculate -29 + 19 + -3 + 8.
-5
What is -22 + -1 - ((-5 - (-10 + 3)) + -9)?
-16
What is the value of 25 - ((3 - (6 - 7)) + 3)?
18
-10 + (10 - 2) + 16 + -3
11
3 + -10 - (-7 + -13)
13
(-5 - -6 - -1 - -6 - 4) + 3
7
-13 + (1 - 4 - -3 - (18 - 22))
-9
What is the value of 2 - 30 - -58 - (0 + 10)?
20
Evaluate -12 - (-22 - (-13 + 4) - 6).
7
2 + -2 + (-7 - -9) - -12
14
4 + -16 + (-10 - (-24 + 11))
-9
Calculate (-2 - -3) + -3 + 6 - (30 - 27).
1
What is the value of (-37 - (31 + -57)) + (2 - -1 - 1)?
-9
What is -2 + (-9 - -20) + 9 - 5?
13
-15 + 0 + (-804 - -839)
20
What is 8 + -32 + 16 + 14?
6
Evaluate 44 + 5 + (12 - 38).
23
Calculate -4 - (14 + -4 + -10).
-4
What is the value of -5 + 10 + -7 - (15 - 10)?
-7
Calculate 9 - 25 - (-18 + (-4 - 7)).
13
What is the value of (-1 - 0) + 7 + -59 + 43?
-10
What is (-12 - (-25 - -12)) + 6?
7
Evaluate 15 - (17 + -15 + 6).
7
Calculate -15 + 6 + 3 + 1 + (4 - 5).
-6
What is 7 + -11 + -2 + 2 + 6?
2
What is 2 + (-17 - (4 + -13))?
-6
What is -1 - (7 + (-7 - (11 - 16)))?
-6
What is the value of 25 + (-16 - -30) + -28?
11
What is -16 - ((4 - (9 + -3) - 2) + -2)?
-10
What is the value of -5 + -2 - (40 + -5)?
-42
What is -8 - -16 - -4 - 0 - 8?
4
What is 3 - (0 + 3 + -178 + 169)?
9
Calculate 11 - (-7 + 14 + 10).
-6
What is (-33 - -75) + -40 - (0 - (-13 - 0))?
-11
Evaluate -14 + 14 + -17 + (1 - -5) - 2.
-13
What is the value of -6 - (-26 + 11 + 5 + 1)?
3
Calculate 1 - 4 - (2 + (-4 - (8 - 9))).
-2
Calculate 109 + -120 - (-4 - (1 + -3)).
-9
What is the value of (-14 + 1 - 0) + (2 - -64) + -58?
-5
Evaluate -23 - (-24 - (-27 + 27)).
1
Evaluate (2 - (-9 + -1 + 20 + -14)) + -1.
5
What is 11 + -1 - (-82 + 67)?
25
What is the value of 1 + (-24 - -29) + -1?
5
Calculate 16 + 10 + (11 - 28).
9
Evaluate 0 + 0 + -1 + (-16 - 30 - -41).
-6
Evaluate -6 + -13 + 43 + -10.
14
What is -19 - (-21 + -12 + 16)?
-2
What is the value of -22 + 36 - (-3 + 17)?
0
What is -1 + (20 - 37) - (-5 + -1)?
-12
-9 + (1 - -16) + -2 + 8 + -1
13
Evaluate -10 + (120 + -115 - (-1 + (9 - 0))).
-13
Evaluate 18 - (7 + -6 + 3) - 8.
6
What is (-5 + 18 - -2) + (47 - 39)?
23
What is (-1 - 4) + (-17 - -18)?
-4
What is -38 + 61 - (38 - 7)?
-8
3 + 1 + 2 + -4 + 5 + -1
6
What is -13 + (3 - (-4 - ((3 - -1) + -12)))?
-14
What is -6 + -7 + -